= -p + g. What is the units digit of p?
7
Suppose 67 = -5*v - 48. What is the tens digit of (12 - v) + 3*1?
3
Suppose t + 4*v - 2*v - 159 = 0, 8 = -2*v. What is the units digit of t?
7
Let d be (19 - 1)/(1 + -2). Let c = 71 + -41. Let t = c + d. What is the tens digit of t?
1
Let d = 2 + 0. Let i be (d + 1)/1 - -1. Suppose i = -n + 5. What is the units digit of n?
1
Suppose -35*s - 171 = -38*s. What is the units digit of s?
7
Let j(x) = x. Let z be j(-2). What is the units digit of 60/z*2/(-6)?
0
Let d(c) = c**3 + 4*c**2 - 4. Suppose -2*r = 3*r. Suppose -2*j - 2*j + 5*g - 17 = r, -2*j - 3*g = 3. What is the units digit of d(j)?
5
Suppose -5*y - 20 = -0. Let s = y - -7. What is the tens digit of (80/24)/(1/s)?
1
Let k(l) = 3*l + 3. Let a be k(-2). Let h = 0 + -2. Let g = h - a. What is the units digit of g?
1
Suppose 0*v + 5*v = 155. What is the tens digit of v?
3
Suppose -g - g + 4 = 0. Let b be 42/8 + g/(-8). Suppose -b*y = -2*q - 3, -1 = -3*q + 2*y - 0. What is the units digit of q?
1
Suppose 0 = 4*j - 46 - 38. Suppose -7*i - j = -8*i. What is the tens digit of i?
2
Let c(s) = -s**3 - s**2 - s + 17. Let p be c(0). Let n = p - -4. What is the units digit of n?
1
Let r = 28 + -10. Suppose o - r = m + 2*m, -3*o + m + 46 = 0. What is the units digit of o?
5
Let p be 189 - (1 - 0/1). Suppose 0 = -n - 3*n + p. What is the units digit of n?
7
Let g = 135 + -79. What is the tens digit of g?
5
Suppose -7 = -s + 2. Let v = 33 - s. What is the units digit of v?
4
Let q be (-4)/10 - 34/(-10). Suppose -2*j + 6 = 4*a, 3*a + 3*j - 3 - q = 0. What is the units digit of (-19)/(-3) - a/3?
6
What is the units digit of 1/6 + 105/18?
6
Suppose -y + 0 = -3. Let f(u) = 0*u**2 - y*u**2 - 5 + 2*u**2 - 7*u. What is the units digit of f(-4)?
7
Let t(j) = j**2 - j - 4. What is the tens digit of t(7)?
3
Let f = -5 - -8. What is the units digit of 14/6*(0 + f)?
7
Suppose -o + 6*o = 425. What is the tens digit of o?
8
Let j(s) = s**2 + 11. What is the tens digit of j(0)?
1
Let a = -56 + 105. What is the tens digit of a?
4
Let g(m) = m**3 + 5*m**2 - 2*m + 7. What is the tens digit of g(-5)?
1
Suppose -3*w + 201 + 72 = 0. What is the tens digit of w?
9
Suppose 1000 = 2*b + 8*b. What is the hundreds digit of b?
1
Let w = -219 - -402. What is the tens digit of w?
8
Let b = -61 - -73. What is the tens digit of b?
1
Let j(h) = h + 10. Let a be j(-10). Suppose 3*o - 3 = a, o + 0 = -3*y + 7. What is the units digit of y?
2
Let x be -67 - (-2)/4*-4. Let a = 101 + x. What is the tens digit of a?
3
Suppose k - 15 = -4*k. Suppose -5*t + 15 = 5*s, 5*t + 18 + 7 = k*s. What is the units digit of 0 - (-1)/(t/(-4))?
2
Let r be (-580)/(-5) - (-1 + -1). Suppose 10 - r = -3*q. Let k = -24 + q. What is the units digit of k?
2
Let v be (-1 - 1)/10*-5. Suppose -29 = -5*y + v. What is the units digit of y?
6
Suppose 25*f + 328 = 33*f. What is the units digit of f?
1
Let c(j) = -j**3 + 4*j**2 - 4*j + 2. Let k be c(2). Suppose m = -h - 1, -5*m = -h + k*h - 15. What is the units digit of m?
4
Let l = 155 + -107. What is the units digit of l/5 + (-4)/(-10)?
0
Let c(x) = x**2 + 13. Let u be c(0). Suppose -1 = -q + u. What is the tens digit of q?
1
What is the tens digit of (-2)/(3/(873/(-6)))?
9
Suppose -5*o + 5 = -5*l, l - 2*l = 3*o - 3. Suppose 3 + l = -3*r. Let t = 2 + r. What is the units digit of t?
1
What is the hundreds digit of 3*1*(-26)/(-39) + 240?
2
Let k(m) = 4*m**2 + 4*m**2 + 4*m - 4*m**2 + 1. What is the tens digit of k(3)?
4
Let s be ((-10)/(-3))/(4/6). Suppose 5*l = 2*n + 75, s*l + n = -3*n + 75. What is the tens digit of l?
1
Let s(f) = -f**3 - 5*f**2 + 3*f - 9. What is the units digit of s(-6)?
9
Let c = -5 + 9. Suppose -i + 2*r - 24 = -c*i, 4*r = i + 6. Suppose -i*d = -3*d + 3, -3*j - 2*d = -10. What is the units digit of j?
4
Suppose 32 - 149 = -3*p. What is the tens digit of p?
3
Let f(i) = -i + 7. Let q be f(-6). Let m = 28 - q. What is the tens digit of m?
1
Let v = 263 - 96. What is the units digit of v?
7
Let i(p) = p**3 - 5*p**2 + 5*p - 2. Let k be i(4). Suppose 0 = k*n - 5*n - 39. Let v = n - -19. What is the units digit of v?
6
Let w(p) be the first derivative of 1/4*p**4 - 7/2*p**2 + 5/3*p**3 + 2 + 6*p. What is the tens digit of w(-6)?
1
Let c be (0 - 1)/((-2)/(-4)). What is the units digit of (6*c/3)/(-2)?
2
Let w(y) = y**3 + y**2 + 132. What is the units digit of w(0)?
2
Suppose 0 = -v - 1 + 4. Suppose -3*i = -v - 12. What is the units digit of i?
5
Suppose -7 - 2 = -3*x. Let b be 152/12*x*-2. What is the units digit of b/(-6) - 4/6?
2
Suppose -f + 14 + 18 = 0. What is the tens digit of f?
3
Suppose 0 = 2*v + 3*v - 4*c - 79, 4*v - 58 = -2*c. What is the tens digit of v?
1
Let g be 1/1*1 - -1. Suppose -d - 4*k + 14 = 0, -g*d - 1 = -4*k + 7. Suppose 5*u - 16 = -c, -u + 3 = d*c - 2. What is the units digit of u?
3
Let r = 88 + -65. What is the units digit of r?
3
Let r(u) = 4*u**3 - 6*u**2 + 2*u + 1. What is the tens digit of r(4)?
6
Let y be (20/12)/((-3)/(-9)). Suppose -62 - 88 = -y*v. What is the units digit of v?
0
Let q be 233/6 - (-2)/12. Suppose -q = 4*m - m. Let n(p) = p**2 + 12*p + 2. What is the units digit of n(m)?
5
Let n be 2/11 - 138/33. What is the units digit of (-2)/((-7)/((-14)/n))?
1
Suppose -4*k - 22 = -0*d - 2*d, 3*d = 3*k + 21. Suppose -d*y = -11 - 4. Suppose 0*g - 85 = -y*g. What is the tens digit of g?
1
Suppose 47 = s + 3*m, -2*s + 5*m - 27 = -110. Suppose -2*z - 2*z + s = 0. What is the units digit of z?
1
Suppose 31 = 5*b - 4. Suppose -c + 4*c = h + 11, h + b = 2*c. What is the units digit of c?
4
Suppose 0 = -0*q - 4*q + 4. What is the units digit of 0 + 0 - (-2 - q)?
3
Suppose 4*a = -0*g - 5*g + 443, 2*g - 2*a = 170. What is the tens digit of g?
8
Let f(k) = k**2 - 2*k + 5. Let y(s) = -s**3 - 7*s**2 - 8*s - 8. Let g be y(-6). What is the units digit of f(g)?
3
Let d(n) = n**3 + 8*n**2 - 10*n + 9. Suppose y + 17 = -3*p - y, 0 = -4*p + y - 41. What is the tens digit of d(p)?
1
Suppose 5*m - 7*m = 4*r - 10, r = -3*m - 5. Let x(i) = 5*i. Let o(q) = -81*q. Let l(k) = r*o(k) + 63*x(k). What is the units digit of l(-1)?
9
Let r = 4 + -2. Suppose v + r*c - 54 = -2*v, 5*c = -5*v + 90. Suppose 0 = -0*y + 3*y - v. What is the units digit of y?
6
Let v(p) = p**2 - 7*p - 5. Let l(q) = q**2 - 13*q - 9. Let c(d) = -3*l(d) + 5*v(d). Let i be c(-4). What is the units digit of (0 - (-1 + 3)) + i?
6
What is the tens digit of (1/3)/(1/132)?
4
Let b(a) = 6*a - 4. Let v(r) = -r - 5. Let u be v(-7). What is the units digit of b(u)?
8
Suppose 3*m - 2*q - 320 = 0, -2*q - 4 + 2 = 0. What is the tens digit of m?
0
Suppose 4*k + 41 = 853. What is the units digit of k?
3
Suppose -2*i + 1 = -3*i, 0 = 2*r + 3*i + 7. What is the units digit of (-384)/(-40) + r/(-5)?
0
Let s = 3 - 0. Suppose -5*k - 11 = -y, -3*y - k + 33 = s*k. What is the units digit of y?
1
Suppose 95 = -3*c + 8*c. What is the tens digit of c?
1
What is the units digit of 27 + (-10 - -2)/(-4)?
9
Let m(z) = 8*z**3 + 13*z**2 - 2. Let a(j) = 4*j**3 + 6*j**2 - 1. Let t(b) = 13*a(b) - 6*m(b). Let x be t(1). Let l = x + 8. What is the units digit of l?
1
Suppose 2*o - 2 = 6. Suppose -4*g - v = -o*v - 51, 0 = g + 5*v + 16. What is the units digit of g?
9
Suppose -2*p + 7 - 1 = 0. Suppose 0*r + 2*n - 14 = r, 4*n = -p*r + 8. What is the units digit of (-7)/r*(-12)/(-3)?
7
Suppose 0 = 5*d - 134 - 46. What is the tens digit of d?
3
Suppose 2 = -0*v + v. Suppose -v = w - 5. What is the units digit of w/(-2 - 22/(-10))?
5
Let z(h) = -h + 7. Let j = -1 - -8. Let b be z(j). Let t = 10 - b. What is the units digit of t?
0
Let l = 285 - 60. What is the hundreds digit of l?
2
What is the units digit of 304/3 - 2/(-3)?
2
Let z(w) = 5*w**3 - w. Let m be z(1). Let d be 40/16 + (-2)/m. What is the units digit of 42/8 + d/(-8)?
5
Suppose -3*w - 22 + 70 = 0. Suppose -4*f = w, f = -t - f - 15. What is the units digit of (2 + -3 - t) + 2?
8
What is the units digit of 76/19 - (0 + 2 - 299)?
1
Suppose 0 = -5*g + 2*a + 389, -3*g + 227 = 3*a + 2. What is the units digit of g?
7
Suppose -2*n + 28 = -0*n. What is the tens digit of n?
1
Let p = -5 - -5. Suppose 2*u + 3*k - 64 = 0, -4*u - k + p*k = -118. What is the units digit of u?
9
Suppose 2 = -3*a - 4. Let x(c) = c**2 + 2*c + 2. Let q be x(a). Suppose 5 = -q*u + 51. What is the ten